divided by k?
18
Let q = -201 + 246. Suppose 3*p = -2*v - p + 80, -v - 3*p + q = 0. Calculate the remainder when v is divided by 17.
13
Let c = -69 - -61. Let r be ((-13)/12*-3)/((-2)/c). Suppose r*q + 625 = 18*q. What is the remainder when q is divided by 42?
41
Let x = -115 - -277. Let o(r) = -r - 4. Let t be o(14). Let f = t + 59. Calculate the remainder when x is divided by f.
39
Suppose 21 - 51 = -6*f. Suppose -f*s = 2*s - 301. Calculate the remainder when s is divided by 33.
10
Let h = -37 - -40. Let u = h + -7. Calculate the remainder when 8 is divided by 80/12 - u/12.
1
Suppose -2*u = -32 + 2. Suppose -23 = -2*t + u. Let r = -16 + t. What is the remainder when 5 is divided by r?
2
Let t be (-48)/(3 - 5)*4/2. Let m = t + -48. Suppose -5*l = 4*z - 360, -3*z = -m*l - 5*l + 360. What is the remainder when l is divided by 15?
12
Let d = -136 - -274. Suppose -2*y - 72 = -d. Suppose -2*l + 27 = l. What is the remainder when y is divided by l?
6
Let r be (0 + 0 + -22)*16. Suppose 4*q = 126 - 22. What is the remainder when 8/(-1 + -1) - r/4 is divided by q?
6
Let d = -32 - -18. Suppose -r = 2*l - 22, 1069*r - 1072*r - 2*l = -38. What is the remainder when (90/(-21))/(2/d) is divided by r?
6
Let u = 214 - 218. Calculate the remainder when (60/18)/((-2)/(-9)) + u is divided by (-3 + -4)*18/(-21).
5
Suppose -40*c + 30*c = y - 202, 4*c = -2*y + 100. Let n(v) = v**3 + 10*v**2 + 10*v + 8. Suppose a = -5 - 1. Calculate the remainder when n(a) is divided by c.
16
Let f(z) = 17*z + 804. Let o = 94 + -36. What is the remainder when f(-36) is divided by o?
18
Let g(c) = -c - 5. Let y be g(-5). Suppose y*v - 2*v = -28. Let q(u) = 896*u**2 + 5384*u + 98. Calculate the remainder when q(-6) is divided by v.
8
Let g = -677 + 716. Let t(a) = 17*a - 40. What is the remainder when t(7) is divided by g?
1
Calculate the remainder when (1596/1862)/(1*1/1085) is divided by 241.
207
Let u be (5 - (-9)/(-3))/((-2)/(-124)). Suppose 3*k = -s + u, -5*k - 2*s = s - 204. What is the remainder when k is divided by 23?
19
Let b(r) = -r**2 + 9*r + 3. Let d be b(9). Let o(x) = -x**3 + 5*x**2 + 10*x + 140. Calculate the remainder when 326/4 - d/(-6) is divided by o(8).
26
Suppose 57*r = 5457 - 1743 + 3525. Calculate the remainder when r is divided by 37.
16
Let l(d) = d**2 + 14*d + 2. Let s be l(-14). Let n = 108 - 72. Suppose s*t = n + 48. Calculate the remainder when 207 is divided by t.
39
Calculate the remainder when ((39 - 3) + 1)*2 is divided by (-1 - (-3 - 2)) + (31 - -5).
34
Let m(p) = 28*p + 135. Let t be m(-10). Let c = t - -167. Calculate the remainder when c is divided by 11.
0
Let c = -7623 - -7679. What is the remainder when 4027 is divided by c?
51
Suppose -5*c = -6 - 9, 9 = -3*x - 5*c. Let w be (-65)/x + 3/(-24). Suppose w*i = 3*i + 95. What is the remainder when i is divided by 11?
8
Let d(v) = v**3 - 5*v**2 + 10. Let f be d(5). Suppose -5*p + f = -3*h, -3*p + 2*h + 15 = 2*p. Calculate the remainder when 14 is divided by p.
4
Let j be (-124 + 1)/((-8)/56). Let i = -686 + j. Calculate the remainder when i is divided by 47.
34
Let d(y) = -y**3 + 9*y**2 + 73*y + 18. Calculate the remainder when d(11) is divided by 82.
5
Suppose -4*r + d = -31191, 2*r + 48*d - 46*d - 15578 = 0. Calculate the remainder when r is divided by 29.
24
Let o = -17113 - -18430. What is the remainder when o is divided by 278?
205
Calculate the remainder when (-43)/(6708/273)*(-216)/2 is divided by 47.
1
Let q(u) = u**3 + 17*u**2 - 679*u - 10083. What is the remainder when (-1)/(-5) + (-1459)/(-5) is divided by q(-14)?
6
Suppose -4*i = -3*m + 17, 9*i - 7*i + 4 = 0. Let j(x) = 7*x**2 - 11*x + 2. Calculate the remainder when j(m) is divided by 6.
2
What is the remainder when 36 is divided by 34/38*39 - 63/((-26334)/44)?
1
What is the remainder when 2411 is divided by ((-4)/1)/(24/(-12)) + (-33)/(-1)?
31
Suppose d - 13 = -5*o, -4*o + 5 = -d - 0. Suppose r - 86*y = -91*y + 102, 4*y = d*r - 363. What is the remainder when r is divided by 42?
33
Let f = 264 - 358. Let x = 143 + f. Calculate the remainder when x is divided by 35.
14
Suppose -12*p - 10*p = -25*p. Suppose 56*k - 59*k + 60 = p. What is the remainder when k is divided by 20?
0
Suppose -r + 3504 = 5*y, -y + r + 0*r = -696. Calculate the remainder when y is divided by (10 - (-221)/(-26))*(-4)/3 - -15.
11
Let w = -7513 - -7530. Calculate the remainder when 311 is divided by w.
5
Let u be 87/17 + 5*(-6)/255. Let m(c) = 44*c**3 - c**2 + 5*c + 3. Let p be m(-3). What is the remainder when p/(-65) + 2/u is divided by 4?
3
What is the remainder when 7834/18 - 96/432 is divided by 50?
35
Let p be -5*(-4 + 76/(-10)). Let f be p/20 - 28/(-280). Suppose -f*o + o + 40 = -2*i, o + 4*i = 25. Calculate the remainder when 59 is divided by o.
17
Let h be (2 - -1)*(-848)/(-159). Suppose -2*i + h = -5*r, 10*i + 22 = 12*i - 2*r. What is the remainder when 358 is divided by i?
7
Let u be 0 - (-4270)/(-15) - 4/(-6). Let g = 479 + u. What is the remainder when g is divided by 63?
6
Let k be (-3 - -5)*-2 - -2. What is the remainder when -48*3/6*k is divided by 4*3 + 5/5?
9
Let l = -8998 + 9003. Let p = -1 + 3. Suppose -3*u + 13 + p = 0. Calculate the remainder when u is divided by l.
0
Suppose 3*b - 21115 = -4*w, 3*b - 8514 = 3*w + 12552. What is the remainder when b is divided by 18?
9
Let w(f) = 4*f**2 - f. Let j(k) = 23*k + 309. What is the remainder when w(-2) is divided by j(-13)?
8
Calculate the remainder when 1546 is divided by (165/(-9))/(282/27 + -11).
28
Let d be (384/(-10) + 0)*40/(-12). Suppose -6*r + d = -2*r. What is the remainder when r is divided by 20?
12
Let f = 347 - 341. Let p = 126 - 58. Suppose 3*q - p = -q. What is the remainder when q is divided by f?
5
Suppose 44 = 5*b + u - 4*u, -2*u - 34 = -4*b. Let i = 22 + b. Calculate the remainder when i is divided by 17.
12
Let m(s) = 11*s - 1. Calculate the remainder when m(2) is divided by 13.
8
Suppose 2*j + 750 = 4*d, -d - 186 = -2*d + j. Let u = d - 164. Calculate the remainder when u is divided by 16.
9
Let v be (2 - 4)*5 + 4 - -8. What is the remainder when ((329/v)/7 + 1)*10 is divided by 51?
41
Let k(s) = 4*s**3 + 6*s**2 - 3*s - 13. What is the remainder when k(3) is divided by 47?
46
Let r(h) = 12*h + 9 + 23*h**2 + 453*h**3 - 452*h**3 + 9*h. Let c = 5 + 7. Calculate the remainder when r(-22) is divided by c.
7
Suppose 0 = 5*z + 3*a - 271, 10*a - 15*a + 222 = 4*z. What is the remainder when 259 is divided by z?
47
Let x = 36 - 20. Let p = 156 - 73. Suppose w + 4*n = -2*w + 136, -2*w + 5*n + p = 0. What is the remainder when w is divided by x?
12
Suppose 4*g + 35 = 351. Let y be (3/12)/(((-12)/4)/(-36)). Suppose -4*c + 157 = -y*k, -4*k + 0 = -4. Calculate the remainder when g is divided by c.
39
Let k = -459 - -686. Let r = k + -179. Calculate the remainder when 237 is divided by r.
45
Let d(q) = q - 6*q**2 + 5 - 7 + 0*q**2 + q**3. Suppose 0 = 15*t - 1937 + 1727. Calculate the remainder when d(7) is divided by t.
12
Suppose -3*y = -0*y - 6. Let l(w) = -2*w**3 + 3*w**2 - 4*w + 4. Let s be l(y). Calculate the remainder when 5 is divided by (s/(-24))/((-2)/(-12)).
1
Let a = 5 + 87. Suppose 54 + 10 = 2*d - 2*t, 2*d + 4*t = 40. Calculate the remainder when a is divided by -96*(d/(-12) + 2).
28
Let d = 58 - -101. Suppose -3*a - 2*z + 89 = 0, 9*a - 14*a + d = -2*z. What is the remainder when 182 is divided by a?
27
Suppose -b - 4*r = -29, -4*b + 42*r - 44*r = -158. Calculate the remainder when 102 is divided by b.
20
Let c(q) = 34*q + 314. Calculate the remainder when c(0) is divided by 16.
10
Calculate the remainder when 3206 is divided by (-47 - (2 + -15))*-6*(-3)/(-12).
44
Let o(s) = 4*s**2 + 22*s - 18. Let i be o(-8). Suppose -76*h + i*h + 196 = 0. Calculate the remainder when 265 is divided by h.
13
Suppose 25 = -5*u - 5*i, 0*i + 4*i + 17 = -3*u. Let d(v) = -2*v. Let h(x) = -x. Let f(p) = -3*d(p) + 8*h(p). Calculate the remainder when 18 is divided by f(u).
0
Let v(p) = -20*p. Let w = 568 - 565. Calculate the remainder when 13/52*(w - -289) is divided by v(-1).
13
Let r = -2048 + 3925. Let c = r - 1057. Suppose -5*k = -5*n + c, k = n - 6*n + 790. Calculate the remainder when n is divided by 41.
36
Let w = -21 - -69. Let k(n) = n**3 + 6*n**2 - 11*n - 53. What is the remainder when w is 